mmon divisor of 17579479 and 1745?
349
What is the greatest common divisor of 147463437 and 477?
159
Calculate the highest common divisor of 4828463 and 1369.
1369
What is the highest common factor of 3966908 and 8104?
4052
Calculate the greatest common factor of 4674880 and 48.
16
What is the highest common factor of 22641588 and 131338?
1354
What is the greatest common divisor of 3816 and 5363208?
72
Calculate the highest common factor of 329312 and 1524.
4
Calculate the greatest common divisor of 128 and 1414468352.
128
What is the greatest common divisor of 716 and 1874144320?
716
What is the greatest common divisor of 149382 and 2382006?
1158
What is the greatest common divisor of 576 and 167480?
8
What is the greatest common factor of 4757 and 209978?
67
What is the highest common factor of 1770 and 2750130?
30
Calculate the highest common factor of 5532 and 5468.
4
What is the highest common factor of 1655522 and 13574?
22
What is the highest common factor of 524895 and 1545?
15
Calculate the greatest common divisor of 81970 and 2840846.
2342
What is the highest common factor of 19376 and 2066512?
112
What is the greatest common factor of 1850 and 307660?
10
Calculate the greatest common divisor of 8639245 and 40.
5
Calculate the greatest common divisor of 156679127 and 11.
11
Calculate the highest common divisor of 1132196445 and 36.
9
What is the highest common divisor of 505609 and 4199?
247
What is the highest common factor of 43458 and 14016?
6
Calculate the highest common divisor of 12792 and 34119462.
3198
Calculate the highest common divisor of 680 and 341360.
680
What is the highest common factor of 183953 and 3465?
77
Calculate the greatest common divisor of 17366 and 105982.
38
What is the highest common factor of 27196 and 450528?
52
Calculate the greatest common divisor of 532969 and 3477.
19
What is the greatest common divisor of 8052 and 749436?
12
Calculate the greatest common divisor of 146 and 1305094.
146
What is the highest common divisor of 100 and 1476571725?
25
What is the greatest common factor of 67949 and 1981826?
119
Calculate the greatest common factor of 85 and 1069759.
17
Calculate the highest common factor of 22876 and 6020.
1204
Calculate the greatest common factor of 73982755 and 231.
77
Calculate the greatest common divisor of 677915 and 39445.
245
Calculate the greatest common divisor of 3458200 and 1800.
200
What is the highest common factor of 321 and 1600078?
107
Calculate the greatest common factor of 19681498 and 597.
199
What is the greatest common divisor of 8617566 and 3464?
866
Calculate the greatest common divisor of 4788 and 41671.
7
Calculate the highest common divisor of 10346640 and 3580.
20
What is the highest common divisor of 164 and 219189116?
164
Calculate the highest common factor of 175624 and 282228.
116
Calculate the highest common divisor of 108728 and 1368.
8
What is the greatest common factor of 8229092 and 508?
508
What is the greatest common divisor of 63430 and 5230?
10
Calculate the greatest common divisor of 16745649 and 9645.
1929
What is the greatest common divisor of 38358 and 18342?
18
What is the greatest common factor of 6407175 and 550?
25
Calculate the greatest common factor of 8471 and 621307.
43
Calculate the highest common divisor of 242087607 and 342.
171
Calculate the greatest common divisor of 67 and 265308677.
67
What is the greatest common divisor of 10972791 and 558?
279
Calculate the greatest common factor of 41919849 and 711.
711
What is the highest common factor of 10 and 98911870?
10
What is the highest common factor of 370 and 25456185?
185
What is the greatest common factor of 1563683 and 7986?
121
Calculate the highest common factor of 122076940 and 20.
20
Calculate the highest common divisor of 2833656 and 34068.
2004
What is the highest common factor of 1503 and 893493?
9
Calculate the highest common divisor of 274711641 and 133881.
12171
Calculate the greatest common divisor of 9020 and 917280.
20
Calculate the highest common factor of 134882850 and 7080.
1770
What is the highest common divisor of 413336810 and 80?
10
What is the highest common factor of 55176 and 941259?
363
What is the highest common divisor of 1090947 and 132?
33
Calculate the highest common factor of 558954 and 4818.
66
Calculate the greatest common factor of 49 and 1011517094.
49
What is the highest common factor of 210 and 14680750?
70
What is the highest common factor of 18522 and 9254532?
294
Calculate the highest common divisor of 8888 and 992123.
1111
What is the greatest common divisor of 161865 and 78705?
1485
What is the highest common factor of 90 and 18460980?
90
What is the highest common divisor of 4576658 and 220247?
3733
Calculate the highest common factor of 592 and 129782310.
74
Calculate the greatest common divisor of 7343300 and 60.
20
Calculate the greatest common factor of 8 and 349076336.
8
What is the highest common divisor of 161492 and 752?
188
Calculate the greatest common factor of 1702732 and 2672.
668
What is the highest common divisor of 2640 and 156617472?
528
Calculate the greatest common divisor of 530089564 and 3396.
1132
Calculate the highest common factor of 3540175 and 53675.
475
Calculate the highest common divisor of 15745 and 640845.
235
Calculate the highest common divisor of 107968 and 133514.
482
Calculate the greatest common divisor of 2507 and 1222358.
23
Calculate the greatest common divisor of 48346 and 6306.
2102
Calculate the highest common factor of 12925 and 36707.
517
What is the greatest common factor of 45104 and 691410492?
11276
Calculate the greatest common factor of 324575638 and 118.
118
Calculate the highest common factor of 28 and 360240888.
28
Calculate the greatest common factor of 96 and 230076192.
96
Calculate the highest common factor of 9024 and 5557562.
94
Calculate the greatest common factor of 301112 and 287945.
133
What is the greatest common divisor of 60389 and 112?
7
Calculate the highest common divisor of 631862 and 1088414.
746
Calculate the greatest common factor of 1925352 and 46206.
306
What is the highest common divisor of 1968 and 2223758?
82
Calculate the greatest common factor of 108921120 and 12.
12
Calculate the greatest common divisor of 2874055 and 93746.
2467
What is the greatest common factor of 33249248 and 96?
32
What is the greatest common factor of 68697 and 24837?
51
Calculate the greatest common divisor of 2872306 and 4616.
1154
Calculate the greatest common factor of 611880 and 23616.
24
What is the greatest common factor of 52134781 and 593?
593
What is the greatest common divisor of 730 and 158759962?
146
Calculate the greatest common divisor of 63 and 63568617.
21
Calculate the greatest common factor of 31887 and 20185652.
1181
Calculate the greatest common divisor of 1 and 82349902.
1
What is the highest common factor of 22912 and 1701932?
716
Calculate the highest common factor of 620690 and 3500.
70
What is the highest common divisor of 1790 and 347910?
10
Calculate the greatest common factor of 36335310 and 2310.
330
Calculate the highest common divisor of 4466340 and 35235.
1215
What is the greatest common factor of 2376 and 74943?
99
Calculate the highest common divisor of 449152 and 6784.
128
Calculate the highest common divisor of 11633984 and 34.
34
Calculate the greatest common divisor of 19618 and 15148558.
1154
Calculate the greatest common divisor of 1284300 and 10050.
150
What is the greatest common factor of 1154414 and 12596?
94
Calculate the highest common divisor of 51401 and 40.
1
What is the highest common factor of 10340 and 103078426?
1034
Calculate the highest common factor of 202538 and 29750.
238
What is the highest common divisor of 10600 and 162276?
4
What is the greatest common factor of 1528 and 671984?
8
Calculate the highest common factor of 132009 and 4176177.
237
What is the highest common divisor of 1038773 and 16781?
97
Calculate the highest common factor of 4369976 and 728.
104
Calculate the greatest common divisor of 195073438 and 182.
14
Calculate the highest common factor of 5968586 and 156.
26
What is the greatest common divisor of 8407496 and 2528?
632
Calculate the greatest common factor of 41033 and 29008.
37
Calculate the highest 